{"id":390,"date":"2021-10-08T13:21:47","date_gmt":"2021-10-08T13:21:47","guid":{"rendered":"https:\/\/www.psonimielec.org.pl\/?page_id=390"},"modified":"2025-06-04T09:03:47","modified_gmt":"2025-06-04T09:03:47","slug":"warunki-przyjecia","status":"publish","type":"page","link":"https:\/\/www.psonimielec.org.pl\/index.php\/niepubliczna-specjalistyczna-poradnia-wczesnego-wspomagania-rozwoju\/warunki-przyjecia\/","title":{"rendered":"Warunki przyj\u0119cia"},"content":{"rendered":"\n<p><strong>Warunkiem przyj\u0119cia jest posiadanie opinii o potrzebie wczesnego wspomagania rozwoju, wydan\u0105 przez <\/strong><strong>poradni\u0119 psychologiczno-pedagogiczn\u0105 <\/strong><strong>w tym poradni\u0119 specjalistyczn\u0105.<\/strong><strong><\/strong><\/p>\n\n\n\n<p>Wnioski rodzic\u00f3w\/ opiekun\u00f3w prawnych w sprawie obj\u0119cia dziecka zaj\u0119ciami Wczesnego Wspomagania Rozwoju na terenie Poradni przyjmowane s\u0105 w ci\u0105gu ca\u0142ego roku kalendarzowego.<\/p>\n\n\n\n<p>Dziecko mo\u017ce korzysta\u0107 z zaj\u0119\u0107 wczesnego wspomagania rozwoju do momentu rozpocz\u0119cia nauki w klasie pierwszej szko\u0142y podstawowej.&nbsp;<\/p>\n\n\n\n<p>Zaj\u0119cia w ramach wczesnego wspomagania rozwoju dziecka organizuje si\u0119 w wymiarze&nbsp; &nbsp;od 4 do 8 godzin w miesi\u0105cu, w zale\u017cno\u015bci od potrzeb i mo\u017cliwo\u015bci psychofizycznych dziecka.<\/p>\n\n\n\n<p>Wydanie opinii o potrzebie wczesnego wspomagania rozwoju dziecka jest niezale\u017cne od posiadania orzeczenia o niepe\u0142nosprawno\u015bci.<\/p>\n\n\n\n<p>Dziecko mo\u017ce r\u00f3wnocze\u015bnie korzysta\u0107 z zaj\u0119\u0107 oferowanych przez &nbsp;o\u015brodek wczesnej interwencji i poradni\u0119 wczesnego wspomagania rozwoju.<\/p>\n\n\n\n<p>Kierunki pracy z dzieckiem i jego rodzin\u0105 wyznaczane s\u0105 w oparciu o wielospecjalistyczn\u0105 diagnoz\u0119 funkcjonaln\u0105, kt\u00f3ra przygotowana jest przez zesp\u00f3\u0142 specjalist\u00f3w.<\/p>\n\n\n\n<p>W oparciu o diagnoz\u0119 funkcjonaln\u0105 Zesp\u00f3\u0142 Wczesnego Wspomagania Rozwoju &nbsp;opracowuje indywidualny program pracy terapeutycznej dla danego dziecka oraz ustala harmonogram spotka\u0144.&nbsp;<\/p>\n\n\n\n<p>Zaj\u0119cia mog\u0105 by\u0107 prowadzone w grupach licz\u0105cych 2 lub 3 dzieci.<\/p>\n\n\n\n<p><strong>Korzystanie ze wsparcia w ramach WWR jest dobrowolne i bezp\u0142atne<\/strong>.<\/p>\n\n\n\n<p>Zasady uczestnictwa dziecka w zaj\u0119ciach w Niepublicznej Specjalistycznej Poradni Wczesnego Wspomagania Rozwoju:<\/p>\n\n\n\n<ul><li>Rodzic otrzymuje miesi\u0119czny harmonogram wizyt dla swojego dziecka. Informacja przesy\u0142ana jest w formie wiadomo\u015bci sms lub telefonicznie.<\/li><li>Rodzic ma obowi\u0105zek zg\u0142osi\u0107 nieobecno\u015b\u0107 dziecka na zaj\u0119ciach w najszybszym mo\u017cliwym terminie.<\/li><li>Do dnia 10 &nbsp;ka\u017cdego miesi\u0105ca nale\u017cy zg\u0142osi\u0107 wszelkie zmiany dotycz\u0105ce termin\u00f3w zaj\u0119\u0107 terapeutycznych na przysz\u0142y miesi\u0105c.<\/li><li>Do dnia 10 ka\u017cdego miesi\u0105ca nale\u017cy zg\u0142osi\u0107 decyzj\u0119 o rezygnacji z zaj\u0119\u0107 wczesnego wspomagania rozwoju od nast\u0119pnego miesi\u0105ca.<\/li><li>Za bezpiecze\u0144stwo dziecka przed i po zako\u0144czeniu zaj\u0119\u0107 odpowiada rodzic.<\/li><li>Rodzic\u00f3w obowi\u0105zuje punktualno\u015b\u0107 w przyprowadzaniu oraz odbieraniu dziecka &nbsp;z zaj\u0119\u0107.<\/li><li>Sp\u00f3\u017anienie si\u0119 na zaj\u0119cia nie powoduje ich przed\u0142u\u017cenia ani odrobienia w innym terminie.<\/li><li>Dziecko, kt\u00f3re rodzic przyprowadza na zaj\u0119cia do &nbsp;Poradnia powinno by\u0107 zdrowe \u2013 bez objaw\u00f3w gor\u0105czki lub przezi\u0119bienia.<\/li><li>Podczas obecno\u015bci dziecka na zaj\u0119ciach rodzic powinien by\u0107 obecny w plac\u00f3wce lub by\u0107 z ni\u0105 w sta\u0142ym kontakcie telefonicznym.<\/li><\/ul>\n\n\n\n<div class=\"wp-container-4 wp-block-columns\">\n<div class=\"wp-container-3 wp-block-column\" style=\"flex-basis:100%\">\n<figure class=\"wp-container-2 wp-block-gallery-1 wp-block-gallery has-nested-images columns-default is-cropped\">\n<figure class=\"wp-block-image size-large\"><img loading=\"lazy\" width=\"1920\" height=\"2560\" src=\"http:\/\/www.psonimielec.org.pl\/wp-content\/uploads\/2025\/06\/warunki-pzrzyjecia-2-2-scaled.jpeg\" alt=\"\" class=\"wp-image-2571\" srcset=\"https:\/\/www.psonimielec.org.pl\/wp-content\/uploads\/2025\/06\/warunki-pzrzyjecia-2-2-scaled.jpeg 1920w, https:\/\/www.psonimielec.org.pl\/wp-content\/uploads\/2025\/06\/warunki-pzrzyjecia-2-2-225x300.jpeg 225w, https:\/\/www.psonimielec.org.pl\/wp-content\/uploads\/2025\/06\/warunki-pzrzyjecia-2-2-768x1024.jpeg 768w, https:\/\/www.psonimielec.org.pl\/wp-content\/uploads\/2025\/06\/warunki-pzrzyjecia-2-2-1152x1536.jpeg 1152w, https:\/\/www.psonimielec.org.pl\/wp-content\/uploads\/2025\/06\/warunki-pzrzyjecia-2-2-1536x2048.jpeg 1536w, https:\/\/www.psonimielec.org.pl\/wp-content\/uploads\/2025\/06\/warunki-pzrzyjecia-2-2-1200x1600.jpeg 1200w, https:\/\/www.psonimielec.org.pl\/wp-content\/uploads\/2025\/06\/warunki-pzrzyjecia-2-2-1980x2640.jpeg 1980w\" sizes=\"(max-width: 1920px) 100vw, 1920px\" \/><\/figure>\n<\/figure>\n<\/div>\n<\/div>\n\n\n\n<figure class=\"wp-block-image size-large\"><img loading=\"lazy\" width=\"1024\" height=\"768\" src=\"https:\/\/www.psonimielec.org.pl\/wp-content\/uploads\/2025\/06\/warunki-przyjcia-4-3-1024x768.jpg\" alt=\"\" class=\"wp-image-2580\" srcset=\"https:\/\/www.psonimielec.org.pl\/wp-content\/uploads\/2025\/06\/warunki-przyjcia-4-3-1024x768.jpg 1024w, https:\/\/www.psonimielec.org.pl\/wp-content\/uploads\/2025\/06\/warunki-przyjcia-4-3-300x225.jpg 300w, https:\/\/www.psonimielec.org.pl\/wp-content\/uploads\/2025\/06\/warunki-przyjcia-4-3-768x576.jpg 768w, https:\/\/www.psonimielec.org.pl\/wp-content\/uploads\/2025\/06\/warunki-przyjcia-4-3-1536x1152.jpg 1536w, https:\/\/www.psonimielec.org.pl\/wp-content\/uploads\/2025\/06\/warunki-przyjcia-4-3-2048x1536.jpg 2048w, https:\/\/www.psonimielec.org.pl\/wp-content\/uploads\/2025\/06\/warunki-przyjcia-4-3-1200x900.jpg 1200w, https:\/\/www.psonimielec.org.pl\/wp-content\/uploads\/2025\/06\/warunki-przyjcia-4-3-1980x1485.jpg 1980w\" sizes=\"(max-width: 1024px) 100vw, 1024px\" \/><\/figure>\n","protected":false},"excerpt":{"rendered":"<p>Warunkiem przyj\u0119cia jest posiadanie opinii o potrzebie wczesnego wspomagania rozwoju, wydan\u0105 przez poradni\u0119 psychologiczno-pedagogiczn\u0105 w tym poradni\u0119 specjalistyczn\u0105. Wnioski rodzic\u00f3w\/ opiekun\u00f3w prawnych w sprawie obj\u0119cia dziecka zaj\u0119ciami Wczesnego Wspomagania Rozwoju na terenie [&hellip;]<\/p>\n","protected":false},"author":2,"featured_media":380,"parent":181,"menu_order":0,"comment_status":"closed","ping_status":"closed","template":"page-templates\/institution.php","meta":[],"acf":[],"_links":{"self":[{"href":"https:\/\/www.psonimielec.org.pl\/index.php\/wp-json\/wp\/v2\/pages\/390"}],"collection":[{"href":"https:\/\/www.psonimielec.org.pl\/index.php\/wp-json\/wp\/v2\/pages"}],"about":[{"href":"https:\/\/www.psonimielec.org.pl\/index.php\/wp-json\/wp\/v2\/types\/page"}],"author":[{"embeddable":true,"href":"https:\/\/www.psonimielec.org.pl\/index.php\/wp-json\/wp\/v2\/users\/2"}],"replies":[{"embeddable":true,"href":"https:\/\/www.psonimielec.org.pl\/index.php\/wp-json\/wp\/v2\/comments?post=390"}],"version-history":[{"count":8,"href":"https:\/\/www.psonimielec.org.pl\/index.php\/wp-json\/wp\/v2\/pages\/390\/revisions"}],"predecessor-version":[{"id":2581,"href":"https:\/\/www.psonimielec.org.pl\/index.php\/wp-json\/wp\/v2\/pages\/390\/revisions\/2581"}],"up":[{"embeddable":true,"href":"https:\/\/www.psonimielec.org.pl\/index.php\/wp-json\/wp\/v2\/pages\/181"}],"wp:featuredmedia":[{"embeddable":true,"href":"https:\/\/www.psonimielec.org.pl\/index.php\/wp-json\/wp\/v2\/media\/380"}],"wp:attachment":[{"href":"https:\/\/www.psonimielec.org.pl\/index.php\/wp-json\/wp\/v2\/media?parent=390"}],"curies":[{"name":"wp","href":"https:\/\/api.w.org\/{rel}","templated":true}]}}