{"id":197,"date":"2021-10-05T15:16:49","date_gmt":"2021-10-05T15:16:49","guid":{"rendered":"http:\/\/www.psonimielec.org.pl\/?page_id=197"},"modified":"2021-10-19T08:53:05","modified_gmt":"2021-10-19T08:53:05","slug":"dom-dziennego-wsparcia","status":"publish","type":"page","link":"https:\/\/www.psonimielec.org.pl\/index.php\/dom-dziennego-wsparcia\/","title":{"rendered":"Dom Dziennego Wsparcia"},"content":{"rendered":"\n<p>Polskie Stowarzyszenie na rzecz Os\u00f3b z Niepe\u0142nosprawno\u015bci\u0105 Intelektualn\u0105 Ko\u0142o w Mielcu w zwi\u0105zku z zako\u0144czeniem projektu pn.: \u201eDom Dziennego Wsparcia\u201d&nbsp; realizowanego w okresie 01.01.2018 r. \u2013 31.03.2020 r. w ramach Regionalnego Programu Operacyjnego Wojew\u00f3dztwa Podkarpackiego na lata 2014 \u2013 2020, Priorytet VIII Integracja spo\u0142eczna, Dzia\u0142anie 8.3 Zwi\u0119kszenie dost\u0119pu do us\u0142ug spo\u0142ecznych i zdrowotnych, konkurs nr RPPK.08.03.00-IP.01-18-017\/17 og\u0142asza gotowo\u015b\u0107 \u015bwiadczenia us\u0142ug opieku\u0144czych tj. 27 miesi\u0119cy.<\/p>\n\n\n\n<p>Celem jest zapewnienie osobom niesamodzielnym z niepe\u0142nosprawno\u015bci\u0105 intelektualn\u0105 w stopniu g\u0142\u0119bokim opieki dziennej, zapobieganie regresji w obr\u0119bie funkcjonowania fizycznego, podtrzymywanie nabytych umiej\u0119tno\u015bci, stymulacja polisensoryczna, kszta\u0142towanie zdolno\u015bci do wyra\u017cania podstawowych potrzeb, aktywizowanie w miar\u0119 mo\u017cliwo\u015bci psychofizycznych, zapobieganie samotno\u015bci, rehabilitacja spo\u0142eczna.<\/p>\n\n\n\n<p>Dodatkowych informacji mo\u017cna zasi\u0119gn\u0105\u0107 w Polskim Stowarzyszeniu na rzecz Os\u00f3b z Niepe\u0142nosprawno\u015bci\u0105 Intelektualn\u0105 Ko\u0142o w Mielcu pod numerem telefonu 17\u00a0583 74 17 lub u Koordynatora pod numerem telefonu 609\u00a0041 980<\/p>\n","protected":false},"excerpt":{"rendered":"<p>Polskie Stowarzyszenie na rzecz Os\u00f3b z Niepe\u0142nosprawno\u015bci\u0105 Intelektualn\u0105 Ko\u0142o w Mielcu w zwi\u0105zku z zako\u0144czeniem projektu pn.: \u201eDom Dziennego Wsparcia\u201d&nbsp; realizowanego w okresie 01.01.2018 r. \u2013 31.03.2020 r. w ramach Regionalnego Programu [&hellip;]<\/p>\n","protected":false},"author":2,"featured_media":830,"parent":0,"menu_order":0,"comment_status":"closed","ping_status":"closed","template":"page-templates\/institution.php","meta":[],"acf":[],"_links":{"self":[{"href":"https:\/\/www.psonimielec.org.pl\/index.php\/wp-json\/wp\/v2\/pages\/197"}],"collection":[{"href":"https:\/\/www.psonimielec.org.pl\/index.php\/wp-json\/wp\/v2\/pages"}],"about":[{"href":"https:\/\/www.psonimielec.org.pl\/index.php\/wp-json\/wp\/v2\/types\/page"}],"author":[{"embeddable":true,"href":"https:\/\/www.psonimielec.org.pl\/index.php\/wp-json\/wp\/v2\/users\/2"}],"replies":[{"embeddable":true,"href":"https:\/\/www.psonimielec.org.pl\/index.php\/wp-json\/wp\/v2\/comments?post=197"}],"version-history":[{"count":15,"href":"https:\/\/www.psonimielec.org.pl\/index.php\/wp-json\/wp\/v2\/pages\/197\/revisions"}],"predecessor-version":[{"id":1013,"href":"https:\/\/www.psonimielec.org.pl\/index.php\/wp-json\/wp\/v2\/pages\/197\/revisions\/1013"}],"wp:featuredmedia":[{"embeddable":true,"href":"https:\/\/www.psonimielec.org.pl\/index.php\/wp-json\/wp\/v2\/media\/830"}],"wp:attachment":[{"href":"https:\/\/www.psonimielec.org.pl\/index.php\/wp-json\/wp\/v2\/media?parent=197"}],"curies":[{"name":"wp","href":"https:\/\/api.w.org\/{rel}","templated":true}]}}